s the tens digit of (-8598)/(-54) + a/63?
5
Let i(j) = 5*j**2 + 11*j - 19. Let q be 5/15 + (-55)/(-15). Suppose -q*r - k = -7*r + 15, 5*r - 25 = -2*k. What is the tens digit of i(r)?
6
Suppose 0 = 2*h + 6*r - 61352, -74*r + 76*r + 6 = 0. What is the ten thousands digit of h?
3
Let t = 15 + -15. Let p(c) be the second derivative of c**3/3 + 6*c**2 - 4*c - 1. What is the units digit of p(t)?
2
Suppose 0 = -3*u + 3*z + 600, 0 = u - z + 2*z - 200. Suppose 2*d - u = 236. What is the tens digit of d?
1
Let c(r) = -r**2 + 14*r - 14. Let b be c(13). Suppose 4 = 4*m - 20. What is the units digit of (b - (-4 + m)) + 58?
5
Let a be (1 + (-20)/8)*-2. Let l be -193 + -1 - (1 + -1)/a. Let z = l - -328. What is the tens digit of z?
3
Suppose 5*y + 2*c + 2 = 40, 4*c + 4 = 0. Let l be 0/((y - 4)/4). Suppose -3 = -l*u - 3*u. What is the units digit of u?
1
Suppose 0*q + 6*q - 18 = 0. Suppose 404 = 2*l + 7*v - 3*v, -q*v = -12. What is the hundreds digit of l?
1
Let q = -604 + 606. Suppose -2*x + 1510 = q*j - 198, -5*x - 3*j = -4274. What is the units digit of x?
6
Let o = -43 - -63. Suppose -3*d = c + 27, -4*d - o = 4*c + 16. What is the units digit of ((-6)/(-4))/(d/(-402))?
7
Suppose -7*k + 4*k - 3*w + 205497 = 0, 136971 = 2*k - 7*w. What is the hundreds digit of k?
4
Suppose -11704 = -2*x - 0*x + 4*h, 4*x + h - 23444 = 0. What is the units digit of x?
0
Suppose 2*k + 2*h = -0*h + 42, 4*h - 16 = 0. Let v be (-6 + 5 + k)*-17. Let u = -97 - v. What is the tens digit of u?
7
Suppose 0*c + w = 2*c + 1, -5*c = w - 1. Suppose 2*l + 2228 = 5*i, c*i + 5*l - 451 = -i. What is the tens digit of i?
4
Suppose 45*l - 2076554 = -599699. What is the thousands digit of l?
2
Let p(u) = -157*u. Let d be p(-1). Let s = d + -412. Let k = -114 - s. What is the tens digit of k?
4
Let q(w) = -2*w**3 - 3*w**2 - 5*w + 4. Let l be q(6). Let b = l + 1287. What is the hundreds digit of b?
7
Let h(b) be the first derivative of b**6/24 - b**5/120 - b**4/8 + 14*b**3/3 - 12. Let n(w) be the third derivative of h(w). What is the tens digit of n(3)?
2
Let z be (-3 - (-24)/9)/((-5)/16725). Suppose h = -3*m + 866, -3*m + z = -3*h + 269. What is the units digit of m?
7
Let y = 1047 - 1044. Suppose -4*a = -5*a + 106. Suppose k = y*k - a. What is the tens digit of k?
5
Suppose 0 = -4*h - 2*q - 430, -2*h - h + 5*q - 355 = 0. What is the tens digit of 88/h - 13872/(-15)?
2
Let r be 22/(-1 + 7 - 4). Let w = 11 - r. Suppose w*x + 414 = 6*x. What is the tens digit of x?
6
Let c(f) = 4*f**3 - 12*f**2 - 6*f - 5. What is the thousands digit of c(9)?
1
Let o = -887 + 6573. What is the units digit of o?
6
Let s(y) = -3*y**3 + 23*y**2 + 7*y - 22. Let b = -45 + 50. Let f(j) = -j**3 + 11*j**2 + 4*j - 11. Let t(m) = b*f(m) - 2*s(m). What is the units digit of t(-8)?
5
Let b be ((-4)/(-5))/(3/45). Let t(y) = 21*y + 77. Let v(p) = -40*p - 145. Let r(q) = -7*t(q) - 4*v(q). What is the tens digit of r(b)?
9
Suppose 4*j - 238121 = -119*t + 116*t, j = -t + 59531. What is the units digit of j?
8
Let i be (-1)/(-2) - (-49)/14. Suppose 0 = 2*x - i*b - 4, 0*x + 2*x - b - 10 = 0. Suppose -75 = -h + 2*n - x*n, 3*n + 338 = 4*h. What is the units digit of h?
3
What is the thousands digit of 12/6 - (1/2 - (-151524)/(-24))?
6
Let g be (6/8)/((-23)/92). What is the hundreds digit of ((-105)/(-10) + g)*38?
2
Let i be -1 + (1 - -8)*8/4. What is the units digit of (i - 15)*(-279)/(-2)?
9
Let s be 254/3*(-31 - -28). Suppose 0 = -3*f + 2*r - 576 + 103, f + 181 = -4*r. Let k = f - s. What is the tens digit of k?
9
Let a be 1*(-2)/2 - (7 + 1). What is the hundreds digit of 530 + a + (-12)/2?
5
Let u = 210 - 208. Suppose 0 = -3*j - u*j + 360. What is the tens digit of j?
7
Suppose -1214*f - 850704 = -1226*f. What is the ten thousands digit of f?
7
Let p(c) = -40 + 13*c**2 - c**3 + 12*c**2 - 43 + 31*c. What is the units digit of p(24)?
7
Suppose 2*u - 4 = 4. Suppose 2*r - 8 = -u*g, -3*g + 2*g = 2*r + 1. Suppose -g*n + 114 = 3*i, 5*n = 9*i - 5*i + 226. What is the tens digit of n?
4
Suppose 2*d + 24*j = 26*j + 97788, 2*d = 3*j + 97780. What is the thousands digit of d?
8
What is the hundreds digit of (-1 - 6 - -12) + 79505/5?
9
Suppose -5*i = -3*h - 9*i + 35003, -2*i = -h + 11671. What is the thousands digit of h?
1
Let t be (-70)/(-18) + 6/54. Suppose 8 = 2*s, f + t*s - 823 + 59 = 0. What is the units digit of f?
8
Suppose -148 - 20 = 28*k. Let s(v) = -125*v - 52. What is the hundreds digit of s(k)?
6
Suppose 1744 = -4*x - 3*w, -4*w - 48 = 5*x + 2133. What is the hundreds digit of x*(0 - (-8 + 9))?
4
Let n = 11689 + -4629. What is the tens digit of n/6 - 90/135?
7
Let s = 124 - 139. Let g(y) = y**3 + 14*y**2 - 7*y - 17. Let n be g(s). What is the tens digit of (n/(-3))/((-5)/(-15) + 0)?
3
Suppose 5*s = -171 + 221. Suppose -s*k = -23*k + 13338. What is the thousands digit of k?
1
What is the hundreds digit of 56/(-3)*56724/(-406)?
6
What is the hundreds digit of (-1 - 1)*1 - (7 + -2390)?
3
Suppose -3*s + 1103 = c, 14*c - 15*c + 4*s = -1082. Let k = 1654 - c. What is the units digit of k?
0
Let c be 12/10*(-60)/(-9). Suppose -c = -2*n - t, 2*n - 17 = -4*t + 3. Suppose 3*i - 7 = 4*h - 0, n = h. What is the units digit of i?
5
Suppose -265 = 9*j - 589. What is the tens digit of ((-59)/(-3) + 1)/(j/54)?
3
Suppose -2*n = -134 - 50. Let s = -93 + n. Let y = 36 + s. What is the units digit of y?
5
Let j be (-19)/(19/(-160)) + 4/(-1). What is the hundreds digit of 40/3*j/8?
2
Let d(s) = -s**3 + 7*s**2 - 2*s - 13. Let f be d(4). Suppose -24*m - 309 = -f*m. What is the hundreds digit of m?
1
Let y(o) = -43*o + 1. Let r(p) = 173*p - 4. Let z be -4*1/10*(-5 + 0). Let i(m) = z*r(m) + 9*y(m). What is the hundreds digit of i(-5)?
2
Let i(s) = s**3 - 8*s**2 - 3*s + 2. Let c be i(6). Let j = -212 - c. What is the units digit of 10/(-25) - j/10?
2
Let y(f) = 4*f**2 + 36*f + 12. Let k be y(7). Suppose 0 = -3*i + 4*p + 704, -2*i - 3*p + k = -8*p. What is the units digit of i?
0
Let u = 117 + 90. Suppose 2*g - 101 = u. What is the hundreds digit of g?
1
Let c = -99253 - -69774. Let z = 17395 + c. What is the tens digit of (-2)/(-18) - z/108?
1
Let r = 13517 + -12125. What is the tens digit of r?
9
Let a = 167 - 484. Let i = a - -677. What is the tens digit of i?
6
Suppose b - 24 = 4*b. Let k be (238/b)/((-1)/(-8)). Let m = -166 - k. What is the units digit of m?
2
Suppose -q = 6*q - 14. Let h be (4 + -6 - -3) + q/1. Suppose 0 = 3*i + z - 180, h*z = i + 5*z - 65. What is the tens digit of i?
5
Let u be ((-3)/(-12))/(1/4) - -3. Suppose u*l - r = 7, r - 11 = -2*l + 4*r. What is the tens digit of (57 + l)/(2 - 0)?
2
Let y(w) = 11*w**2 + 2*w + 1. Let h(f) = -33*f**2 - 7*f - 3. Let n(r) = -3*h(r) - 8*y(r). What is the units digit of n(-4)?
7
Suppose -r = -4*v + 3 - 1819, 0 = 3*r - 2*v - 5458. Suppose -28*z - r = -32*z. What is the hundreds digit of z?
4
Let b = 44 + -59. Let n be (b - -21) + 2 + 3/(-1). Suppose 164 = 3*h - 0*h + 5*y, 0 = n*y + 10. What is the units digit of h?
8
Let k(d) = 264*d**2 + 86*d - 29. What is the units digit of k(6)?
1
Let f(d) = 8*d**3 + d. Let t be f(1). Let c be -2 + (-4)/(-3) + (-264)/t. What is the units digit of 2/(-4 + (-124)/c)?
5
Let z(a) = -2*a**2 + 9*a - 3. Let m(u) = -u**2 - 7*u - 3. Let b be m(-6). Let k be z(b). What is the units digit of (141 - 1) + (k/(-2) - -2)?
9
Suppose 110 = f - 79. Suppose -4*a + 126 = -2*x, 0 = -3*x + 6*a - 4*a - f. Let u = x + 231. What is the units digit of u?
8
Let h = -54 + 57. Suppose 0 = h*c - 74 + 50. Let o = c + -7. What is the units digit of o?
1
Let h be (-7482)/14 - (-15)/35. Let f = h + 940. What is the units digit of f?
6
Let j be 431/13 + 26/(-169). Let o = j - 38. Let i(d) = -12*d - 7. What is the tens digit of i(o)?
5
Let t(l) = -l + 14*l**2 - 2253 + 1137 + 1127 + l**3. What is the units digit of t(-7)?
1
Let q be (9/((-135)/(-24)))/(2/15). Suppose 2*r + q = 4. What is the units digit of (6/15)/(r/(-20))?
2
Suppose 3*x = 2 + 4. Let f(j) = -j**x - j**2 - 5*j**2 + 12*j**2. What is the units digit of f(1)?
5
Let t = 16 - 21. What is the tens digit of (0 + 1)/(2/(-2760)*t)?
7
Suppose 4*q + 4 = 0, 17856 = 4*r + r - 6*q. What is the hundreds digit of r?
5
Let q(v) = -83*v**3 + 10*v**2 + 21*v + 8. What is the ten thousands digit of q(-5)?
1
Let q(n) = 3*n**2 - 3*n + 4 + 3 - 3 - 4*n**2. 